 2 + c**3 - 5*c**2 + 0 - 5*c - 3. Determine x(p).
5
Let x(p) = -3*p - 1. Let d(h) = 2*h. Let f(c) = -4*d(c) - 3*x(c). Give f(-6).
-3
Let n(u) = -u - 1. Let b = -8 + 11. Suppose -1 = b*f + 2*y, 4*y = -6*f + 2*f. Give n(f).
0
Suppose 2*h + 8 = -0*h, 2*b = 3*h + 8. Let a(j) be the second derivative of 1/3*j**3 + 1/10*j**5 + 18*j + 1/3*j**4 + 0*j**2 + 0. Determine a(b).
-4
Suppose 0 = -w + 3. Let k be 0 + (-3)/w - -2. Let m(y) = -16*y**3 + 2*y - 1. Calculate m(k).
-15
Let u(l) = -58*l**2 + 32*l**2 - l + 29*l**2 - 2. Let k(s) = s**2 + 10*s + 3. Let q be k(-10). Suppose -q*v = -7*v - 8. Calculate u(v).
12
Suppose 3*i = -2 - 1, 6*n - 2*i = 14. Let h(g) = -g**2 + g. Calculate h(n).
-2
Suppose 4*n - 4*l - 13 - 7 = 0, 4*l = 3*n - 18. Let u(i) = -n*i**3 + i**3 + 7*i**2 - 5 + 0*i**2 + i - 3*i**2. Suppose 2*g - 32 = -24. Give u(g).
-1
Suppose 0 = -4*l - a - 1, 5*l + 3 = 2*l - 3*a. Let s = l - -3. Let i(z) = 6*z**2 + 2 - 7*z**2 + 6*z - 3*z. Give i(s).
2
Let x(d) = -d**2 - d. Let r(q) = -4*q**2 - 3*q - 3. Let o(u) = r(u) - 5*x(u). Let y = -75 + 79. Give o(y).
21
Let f(q) = -5*q**2 + 1 + 1 + 16*q**2 - q**3 - 1 - 2. Determine f(11).
-1
Let r be 356/20 + (-4)/(-20). Suppose -j + 3*j = r. Let u(i) = -i + 14. Calculate u(j).
5
Let a = -5 - -9. Suppose 7*w = 2*w + 10. Let p = a - w. Let b(v) = v**3 - 2*v + 2. What is b(p)?
6
Let s(o) = 973*o - 979*o + 1 + o**2 + 0. Calculate s(6).
1
Let q(m) be the first derivative of 2*m**3 + 3*m**2/2 - m - 358. Determine q(1).
8
Let u(i) = -367*i**2 - 362*i**2 + 730*i**2 - 5*i + 5. What is u(2)?
-1
Let d(r) = -6*r**2 - 10 - 3*r + r**3 + 0*r**3 - 2*r. Suppose 68*u - 71*u + 21 = 0. What is d(u)?
4
Suppose -3*g + 5*i = -8*g - 35, -5*g + 2*i - 42 = 0. Let c(x) = -12 - 5 + 25 - 8*x - x**2. Give c(g).
8
Let v(h) = -26*h + 3. Let q(i) = 133*i - 15. Let x(o) = -2*q(o) - 11*v(o). Give x(3).
57
Let o(i) = -3*i + 1. Let w(p) = -3*p**2 + 2*p - 2. Suppose 4*l - l - 30 = 5*d, -3*d - 9 = 0. Let a be (-2)/5*l/(-2). Let n be w(a). What is o(n)?
10
Let v(z) = -z**3 - 23*z**2 - 76*z - 10. Let c be v(-19). Let s(m) = m**2 + 15*m + 12. Give s(c).
-38
Let p be 8*(-6)/(-168) + 57/21. Let d(g) = g**2 + 4*g - 2. Give d(p).
19
Suppose 2 = d - 0. Suppose k = d*k - q - 6, -12 = -5*k - 4*q. Let n(w) = -k*w**2 + 27 - 33 + 6*w + 3*w**2. What is n(5)?
-1
Let p(w) be the third derivative of w**5/60 + w**4/24 + w**3/6 - 3232*w**2. Let y be 1 - (1 + -2)*1. Give p(y).
7
Let s(n) = -n**2 + 15*n - 25. Let k be s(11). Let r(y) = -5 - k*y + 2 + 58*y - 32*y. Determine r(2).
11
Let u be 2/(0 + -1) + 13. Let t = u - 11. Let f(n) = -3 + t - n + 3*n + 2. Determine f(2).
3
Let z(i) = -24*i**2 - i. Let x(y) = 22*y**2 + y. Let g(h) = 5*x(h) + 6*z(h). Determine g(1).
-35
Let k be (-20)/3 - (-7)/(-21). Let c(r) = -13*r**2 + 19*r + 16. Let a(u) = 5*u**2 - 9*u - 7. Let s(g) = 5*a(g) + 2*c(g). Determine s(k).
-3
Let r(w) = -w**2 + w. Let k be r(2). Let m(d) be the third derivative of d**6/60 - d**4/12 - d**2. What is m(k)?
-12
Suppose -8 = 2*j - 3*j. Let b(t) = -2*t**2 + 16*t + 2. Let i be b(j). Let g(m) = 0*m**3 - m + 3 - i - m**3 + 3*m**2 + 0*m**3. What is g(2)?
3
Let q(z) = z**2 + 5*z + 5. Suppose a - 6 = -4*j + 3*a, -4*a = -2*j. Suppose w - 97 = -5*l, l = -2*l - j*w + 54. Suppose 0 = 7*m - 2*m + l. Calculate q(m).
1
Let c(p) = 12*p**3 - p + 1. Suppose -6*h - 4 = -h - k, -5*h + 4*k = 16. Suppose h = a - 0 - 1. Determine c(a).
12
Let y = -10 + 17. Let z(x) = 7*x**2 + 5*x**2 - 6*x**2 - x**3 + y - 6*x. Let s(o) = 3*o - 1. Let g be s(2). Calculate z(g).
2
Let o(l) be the second derivative of 10*l + 4/3*l**3 + 9/2*l**2 + 0 + 1/12*l**4. Calculate o(-6).
-3
Let v(r) = r**3 + 4*r**2 - 7*r - 7. Suppose -3*s + 0*s = 15. Give v(s).
3
Let l(v) = -3*v - 3. Suppose 2 = 5*h - 8, 18 = 4*t - h. Suppose -5*d - 5 = 0, -2*d + 8 = -t*s - 0. What is l(s)?
3
Let b(d) be the second derivative of d**4/12 + 2*d**3 + 7*d**2/2 - 499*d. Give b(-7).
-28
Let n(r) = -r**2 + 22*r - 22. Let z(y) = 15*y + 66. Let q be z(-3). Give n(q).
-1
Let k(j) = -2*j. Suppose 2*g - 12 = -2*g. Let f be k(g). Let v(t) be the first derivative of -t**4/4 - 2*t**3 - 6*t + 2. Give v(f).
-6
Let v(z) = -z**2 - 8*z - 5. Let f(w) = -11*w**3 - w**2 + 1. Let r = -10 - -9. Let x be f(r). Let s = x - 15. Give v(s).
11
Let b(a) = 5*a + 6. Let x(f) = 4*f + 6. Let o(h) = -3*b(h) + 4*x(h). Suppose 2*d + 0*d + 39 = -5*g, 20 = -4*g. Calculate o(d).
-1
Let a(n) = -55*n**2 + 12*n + 73. Let l(o) = -19*o**2 + 4*o + 27. Let z(v) = 4*a(v) - 11*l(v). Give z(1).
-12
Let w be 36/(-8)*(-32)/12. Suppose 0*q = 4*q - w. Let a(h) = 0*h**3 + 2*h - q + 3*h - 8*h**2 + 4*h**2 + h**3. Calculate a(3).
3
Let s(t) = -1. Suppose 0 = -4*x + o + 19, 3*x - 3 = 5*x - 3*o. Let d = -11 + x. Let k(p) = -3*p - 1. Let n(l) = d*s(l) + k(l). Give n(3).
-5
Let v(p) = 2*p + 513 - 1020 + 510 - 2*p**2. Determine v(5).
-37
Let l(z) = z**3 + 5*z**2 - 7*z - 8. Let s(c) be the third derivative of 0 + 5*c**2 + 0*c + 1/60*c**5 + 2*c**3 + 11/24*c**4. Let o be s(-9). Give l(o).
-2
Suppose -29 = 8*x + 3. Let g(v) = -2 - 6*v - 7*v**2 + 6*v**2 + 0*v**2 + 0. Give g(x).
6
Suppose 4*h = -2*h + 12. Let t(a) = 9*a**3 - 5*a**2 + 16*a - 11. Let d(o) = -2*o**3 + o**2 - 3*o + 2. Let w(g) = h*t(g) + 11*d(g). What is w(1)?
-4
Let f(w) = 0 + 5 - 2*w - 9*w + 15*w + w. Suppose 5*a - 1 = -2*m + m, -5*m - 5*a = 15. Determine f(m).
-15
Let h(d) = d**2 + 17*d - 17. Let u(b) = -2*b - 38. Let p be u(-10). What is h(p)?
1
Let b be (6 - 3)/(9/15). Suppose -2*m = -3*r - 9 - 1, -3*m = -b*r - 16. Let y(o) = o**3 - 3*o**m + 2*o + 2*o**2 + 11 - 3*o + 2*o**2. Give y(0).
11
Let p(k) = 1 + 3 - k**3 + 3*k**2 + 3*k**2 + 7*k. Let h be (901/106 - (6 - 1))*2. Determine p(h).
4
Let m(x) = -51 - 7*x + 11*x + 43. Give m(6).
16
Let i(d) = -d**2 + 6*d - 4. Let a be ((-272)/64)/(-1 + 3/4). Suppose -18*r + 5 = -a*r. What is i(r)?
1
Let l(k) = k**3 - k**2 + 5*k. Let i(t) = -t**3 + 2*t**2 - 7*t. Let q(y) = 2*i(y) + 3*l(y). What is q(-2)?
-6
Let k(p) be the first derivative of -p**6/120 + p**5/10 - 7*p**4/24 + p**3 - 7*p**2/2 - 2. Let y(n) be the second derivative of k(n). Calculate y(4).
10
Let d(y) be the second derivative of y**4/12 - y**3/2 + 5*y**2/2 - y. Suppose 5*v - 11 = -2*b, 23*v = 27*v - 3*b - 41. Determine d(v).
15
Let l be (-8)/1 + 2/2. Suppose -330 = g - 1000. Let j(t) = -t**2 - 12 - 679*t + g*t + 2. What is j(l)?
4
Let o(s) be the first derivative of s**6/120 + s**5/15 - 5*s**4/24 - s**3/6 + 8*s**2 - 11. Let y(q) be the second derivative of o(q). Determine y(-5).
-1
Let q(r) = r**3 - 8*r**2 + 7*r + 7. Let u(x) = x**3 - 11*x**2 + 30*x - 1. Let f be u(4). What is q(f)?
7
Suppose -5*v = -4 + 9. Let g be 1/v*0 - 1. Let m(h) = -3*h + 0*h - h + 0*h - 1. Determine m(g).
3
Let q(n) = -n**2 - 7*n - 6. Let a be 126/108 + (-1 - -3)/(-12). Let i be (a - -9)/(-1)*5/10. What is q(i)?
4
Let s(a) = -1 + 9*a - 4 + 0 + 0. Let j(k) = 14*k - 7. Let q(p) = 5*j(p) - 7*s(p). Give q(1).
7
Let u(z) = -2*z**2 - 7*z - 10. Suppose 38*j = 46*j + 16. Calculate u(j).
-4
Let q(h) = h**3 + 5*h**2 - 3*h - 2. Suppose -46 = -5*v - 7*a + 6*a, 2*v = 5*a + 13. Suppose 7*c + 44 - v = 0. Give q(c).
13
Let t(y) = -3. Let n(u) = 6. Let m(z) = 4*n(z) + 9*t(z). Let w(h) = -1. Let s(b) = -6*m(b) + 17*w(b). Let g(l) = l. Let a(o) = g(o) + 2*s(o). What is a(-7)?
-5
Let i(f) = -21*f. Suppose 16*d - 45*d = 29. What is i(d)?
21
Let q(j) = -4*j + 20 - 25 - 14 + j**2 - 1. Calculate q(7).
1
Let g(x) = -x**2 - 11*x + 2. Let z(r) = -2*r. Let p(m) = -g(m) + 3*z(m). Let o(a) = a. Let t be o(-5). Let s be p(t). Let w(n) = 2*n**2. Calculate w(s).
8
Let u(x) = -4*x - 3. Let d(i) = 21*i + 16. Let c = 14 + -25. Let h(g) = c*u(g) - 2*d(g). Give h(-3).
-5
Let s(b) = -13*b**2 + 4*b - 1. Let l = 56 + -29. Let m(p) = -p + 12*p - l*p**2 - 2*p - 2 + 0*p. Let o(v) = 6*m(v) - 13*s(v). What is o(-1)?
6
Let b be 6/4*(7 + -13). Let d(v) = 4*v + 9. Let a(j) = 2*j + 4. Let u(p) = b*a(p) + 4*d(p). Calculate u(-5).
10
Let t(r) = -2*r**2 + 11*r + 6. Let g be 6/((-54)/15)*(-18)/5. What is t(g)?
0
Let b(p) be the third derivative of p**5/60 - p**4/6 - p**3/6 - p**2 - 30*p. Suppose -f - 4 = 2*y, -14 = -2*f + 2*y + 2. Suppose -2*o = -o - f. Calculate b(o).
-1
Let j(a) = -a**3 + 2*a**2 - a + 2. Let d = -576 - -578. What is j(d)?
0
Let s(b) = 13*b. Let p(j) = -j**2 + 5*j + 2. Let n be p(3). Let f(k) =